 + 162 = 33*a. Suppose 0 = -4*c - v + 63, -3*v + 104 = 5*c + a. Calculate the remainder when 125 is divided by c.
13
Let p = 11192 + -9816. What is the remainder when p is divided by 262?
66
Suppose 7*a + 5*a = 2*a. Calculate the remainder when (3 + a)*15436/204 is divided by 78.
71
What is the remainder when 451 is divided by (-75394)/1265*(-5)/2?
4
Let t(d) = 75*d - 2695. Calculate the remainder when t(39) is divided by 63.
41
Suppose o = 4*b - 4*o - 96, 5*b = 4*o + 129. Let y = 37 - b. Suppose -2*h + 4*i - 4 + 38 = 0, -3*h + 33 = 3*i. What is the remainder when h is divided by y?
5
Let w(o) = -2*o**3 - 16*o**2 + 19*o + 19. Let g = 331 + -340. Let x = -5 + 22. What is the remainder when x is divided by w(g)?
7
Suppose i + 148 = 5*x, 3*x + 2*i - 4*i - 93 = 0. Let j = x + -21. Suppose 90*k + 107*k = 113*k + 2520. What is the remainder when k is divided by j?
6
Suppose -8*g + 2075 = 603. Suppose -3*p + g = p. Calculate the remainder when 87 is divided by p.
41
Suppose -3*s - 2 = -20. Let w(u) = 2*u**3 - 196*u**2 - 612*u + 646. Calculate the remainder when w(101) is divided by s.
4
Suppose i - 79 + 19 - 23 = 0. What is the remainder when i is divided by (3 + -2)*34/2?
15
Let c(p) = 422*p - 2781. Calculate the remainder when 4667 is divided by c(7).
169
Let f(h) = 19*h**2 + 2*h. Let i = -624 + 622. Calculate the remainder when 153 is divided by f(i).
9
Suppose a + 1185 = -5*o, -5*o - 4*a = a + 1205. Let d = 259 + o. What is the remainder when 549 is divided by d?
20
Suppose 584 = 7*u - 550. What is the remainder when u is divided by 89?
73
Calculate the remainder when (737 + 3)*-2*(-10)/5 is divided by 52.
48
Suppose -15 = -5*u, -2*o + 4*o + 4*u = -202. Let l = o + 132. What is the remainder when 34 is divided by l?
9
Let i = -14 + 20. Suppose -4*d = -i*d + 16. Suppose 0 = 4*l - 2*l - d. What is the remainder when l is divided by 3?
1
Let t(p) = 26*p + 12. Let x(w) = 3*w**2 - 29*w + 12. Let i = 10 + 0. Calculate the remainder when t(2) is divided by x(i).
20
Calculate the remainder when 82 is divided by (-28)/16 - -4 - (5/(-20))/(-1).
0
Suppose 10*r + 176 + 44 = 54*r. Calculate the remainder when 652 is divided by r.
2
Let c(o) = -5*o**2 + 3*o + 19. Let y be c(17). Let l = 563 + y. What is the remainder when -5 - l/9 - 4/18 is divided by 15?
10
Calculate the remainder when (-1405)/(-3)*1539/855 is divided by 47.
44
Suppose 3*q = -3*r - 9, 2*q - 24 = -4*r + 7*q. Calculate the remainder when 163 is divided by r*(-7 - (-4 - 28)).
13
Suppose 0 = 20*k - 12*k - 1800. Suppose -x - 3*n + 70 = x, -5*x + 5*n = -k. What is the remainder when 72 is divided by x?
31
Let n(a) = 4*a + 116. Let z be n(6). Suppose 2*p - 6*p + z = 0. What is the remainder when p is divided by 9?
8
Let n(s) be the third derivative of s**4/3 + 38*s**3/3 - 2*s**2 + 2*s. Calculate the remainder when 98 is divided by n(-8).
2
Let x be (-6)/(-4)*28/(-21). Calculate the remainder when 13 is divided by (0 + x)*(0 - 10/4).
3
Let l be 157*(1*-3 + 1). Suppose -39*a + 10795 + 7808 = 0. Let k = l + a. Calculate the remainder when k is divided by 55.
53
Let v be (-68592)/96 + 2/4. Let z = v + 728. Calculate the remainder when 81 is divided by z.
11
Suppose 302*l + 3951 = 44117. Calculate the remainder when 152 is divided by l.
19
Suppose 25 - 4 = 2*t + 5*v, 0 = 4*t + 3*v - 63. Let u be 1/(-2) + (-22)/(-4). What is the remainder when (445/u)/(-1 - -2) is divided by t?
17
Suppose -10613*j + 10608*j + 75 = 0. What is the remainder when 349 is divided by j?
4
Let c = 84 + -72. Suppose 0 = c*f - 15*f + 3. What is the remainder when 13 is divided by -4*f/10 - (-66)/15?
1
Suppose -99*h + 54*h + 55890 = 0. What is the remainder when h is divided by 412?
6
Let d(q) = 8*q + 3. Let x(b) = b**3 + 4*b**2 + 2*b + 6. Let h be x(-3). Suppose -w - 57 = -4*w. What is the remainder when d(h) is divided by w?
18
Suppose -185 = 7*s - 12*s. Let p(v) = 16*v**2 - 95*v + 14. What is the remainder when s is divided by p(6)?
17
Let p be 3/12 + (-1 - 1186/8). Let a = -109 - p. Calculate the remainder when 117 is divided by a.
37
Suppose 2*z = -r + 225, 0 = -z + 7*r - 2*r + 107. What is the remainder when (-48)/z + 703/7 is divided by 6?
4
Let y = -1656 - -2148. What is the remainder when y is divided by 9?
6
Suppose -6*k - 16*k - 44 = 0. Calculate the remainder when 85/(6/(-4) - -2) is divided by ((-1)/k)/(10/860).
41
Let d = 2810 - 2843. Suppose -19 = 2*q + 35. Let o = q - d. What is the remainder when 22 is divided by o?
4
Let s = 165 - 161. Suppose m + v - 106 = -31, -m + 87 = s*v. Calculate the remainder when m is divided by 19.
14
Let q(v) = 577*v**2 - 2155*v - 5. What is the remainder when q(4) is divided by 284?
39
Let k = 62336 - 62313. Let a(t) = 80*t**3 + t**2 + t - 1. Suppose 0 = 3*r + 5*x + 2, -12 = -4*r + 5*x - 3. What is the remainder when a(r) is divided by k?
12
Let j be (632/(-12))/((-8)/12). Suppose 0 = -97*l + j*l + 126. Calculate the remainder when 32 is divided by l.
4
Suppose 0 = -0*o - 5*o + 20. Let j be (-51)/(-1 + 2/o). What is the remainder when -1 + j - (-1 + 6) is divided by 49?
47
Suppose 0 = -2*u + 18 + 60. Suppose -4*x + 130 = 156*q - 154*q, 0 = -2*x + 6. What is the remainder when q is divided by u?
20
What is the remainder when ((-635)/(-3))/(9/(-540)*-20) is divided by 216?
203
Suppose -s + 6 = 2*g, -s + 2 - 5 = -g. Let m = 9 + 8. What is the remainder when (0 - (2 - g)) + 32 is divided by m?
16
Let f(p) = -3*p**3 + p**2 - 41*p - 43. Calculate the remainder when 290 is divided by f(-1).
0
Suppose 4*r - 4 = 0, 0 = -4*g + 6*g + 4*r - 396. What is the remainder when g is divided by (3/(-2))/((-225)/10200)?
60
Suppose 2*r + 0*j + 3*j - 19 = 0, 0 = -3*r - 5*j + 31. Suppose -2*z + m = -167, -r*m = -4*z - z + 419. What is the remainder when z is divided by 23?
16
Let m = 3630 - 3435. What is the remainder when 373 is divided by m?
178
Let k(o) = 160*o - 2557. What is the remainder when 15 is divided by k(16)?
0
Suppose 4*y - 1130 = 14*y. Let b = y - -130. Calculate the remainder when 98 is divided by b.
13
Calculate the remainder when 179 - 7 - (0 - -12)/4 is divided by 74.
21
Let p(j) = 3*j**2 - 19*j - 29. Let k(u) = 2*u**2 - 13*u - 19. Let q(m) = -8*k(m) + 5*p(m). Calculate the remainder when 1 - (-23 - (0 - -1)) is divided by q(0).
4
Let x = -8347 + 8483. What is the remainder when 1085 is divided by x?
133
What is the remainder when 775 - (-15 - -31) - 8 is divided by 108?
103
Let l(o) = 2*o - 21. Let p be (-3 - -2) + (-5 - -38). Suppose 4*r = 4*z + 88 - p, -4*r + 3*z + 55 = 0. What is the remainder when 14 is divided by l(r)?
4
Let h be (-14)/8 - 3/12. Let k be 7/4 + h - (-7)/28. Suppose k = -4*b - 46 + 518. What is the remainder when b is divided by 15?
13
Suppose 760 = 41*b - 470. Let w = -2 - -3. Calculate the remainder when b is divided by w/4 - (-189)/12.
14
Suppose 3*d = -2*s - 9, -d + s - 9 = 2*d. Calculate the remainder when d/4 - 13675/(-100) is divided by 23.
21
Let b(h) = -4*h**3 + h**2 + h + 1. Let d be b(-2). Let c = -2238 - -2369. Suppose -d = 4*r - c. Calculate the remainder when 45 is divided by r.
21
Let n be (11 + -847)/(2/(-2)). Suppose -2*i = -n - 10. Suppose -4*x + i = -497. What is the remainder when x is divided by 21?
20
Let r(s) = 4*s + 125. Suppose 3*i = -3*l + 63, -4*l + 8*l + 20 = 0. What is the remainder when r(0) is divided by i?
21
Let a(q) = q**3 + 10*q**2 + 26*q + 12. Let y be a(-6). Suppose y = -t + h + 2*h + 51, 146 = 2*t + 5*h. What is the remainder when t is divided by 35?
28
Let p(v) = v + 8. Let n(l) = l. Let h(r) = 10*n(r) - 5*p(r). Calculate the remainder when 74 is divided by h(13).
24
Suppose 0 = 34*l - 16071 - 7355. Let u = -579 + l. What is the remainder when u is divided by 31?
17
Let f = 26 + -15. Suppose -f*i = -5*i - 720. Calculate the remainder when i is divided by 28.
8
What is the remainder when 1113 is divided by (-9)/((-117)/3629) - 12/78?
276
Suppose -v + 2*j = -19, -12*v + 13*v + 3*j + 1 = 0. Calculate the remainder when 482 is divided by v.
9
Let p = 167 - 163. Suppose -3*x - 2*b + 133 = 0, -5*x = -9*b + p*b - 205. Calculate the remainder when x is divided by 24.
19
Let r(j) = -3*j**2 - 12*j - 21. Let m be r(9). Calculate the remainder when m/72*-20 + 8/(-6) is divided by 36.
30
Suppose 0 = -2*m - 3 + 9, 3*m = 4*s - 291. Calculat